5. Let r be h(-5). Calculate the highest common factor of 40 and r.
5
Suppose 0 = 8*m + 9*m - 476. What is the highest common factor of 7 and m?
7
Suppose -2*x + 22 = 2*u, 5*u + x - 20 = 3*x. Let i be (27/12)/(2/16). Calculate the greatest common factor of u and i.
6
Suppose -2*o - 3*t = -16, -2*o + 5 - 3 = -4*t. Suppose 0 = o*s - 8 - 62. What is the highest common divisor of s and 56?
14
Suppose -10*p + 2*p = -256. Calculate the greatest common divisor of 352 and p.
32
Suppose -57 = -4*t + 5*q - 20, -4*q = 2*t - 12. Let j(b) = 2*b + 28. Let z be j(18). What is the greatest common divisor of z and t?
8
Suppose -4*d + 4*x + 252 = 16, x + 311 = 5*d. What is the greatest common factor of 7 and d?
7
Suppose -3*q + 153 = -87. Suppose 4*o - q = 2*v, 0 = -4*o - 0*v + v + 78. What is the highest common factor of o and 38?
19
Suppose -3*i = -i + 6. Let b be ((-3)/4)/(i/(-24)). Let n = b + 19. What is the highest common factor of n and 91?
13
Let j = -51 + 57. Calculate the highest common divisor of 9 and j.
3
Let y be ((-6)/(-6))/(1/(-12)). Let o be (y/10)/(10/(-100)). Let r(x) = -x**2 + 3. Let m be r(0). What is the greatest common divisor of o and m?
3
Suppose -4*m + 3*y = -3*m + 4, -2*m - 28 = -2*y. Let z = m - -35. Suppose -d = 5*k - 15, -14 = -2*d + 5*k + z. What is the highest common divisor of 60 and d?
15
Suppose 0 = -5*b - 3*p + 4 + 2, p - 2 = 0. Let d be (-4 + 147 - b) + 1. Calculate the greatest common factor of d and 24.
24
Let s be ((-80)/(-15))/4*39. What is the greatest common factor of 78 and s?
26
Let v be 4*4/32*14. What is the highest common factor of 1 and v?
1
Let x = -33 + 62. Let y = 40 - x. Let c be 1 + y/((-3)/(-3)). Calculate the highest common factor of 24 and c.
12
Let f(o) = -o - 7. Let g be f(-7). Let s be -2 - (-50 - 0) - g. Calculate the greatest common divisor of s and 12.
12
Let b = 13 - 3. Let p = -2 + b. What is the greatest common factor of 40 and p?
8
Let r be (-6)/(-1 - (-15)/6). Let s be (-10)/(-4) - (-2)/r. Suppose -k = 6*a - 3*a - 39, 70 = s*k - 2*a. Calculate the greatest common divisor of 24 and k.
12
Suppose 0 = -5*i + 5*n + 45, 2*i - n + 2*n = 9. What is the greatest common factor of 2 and i?
2
Let d(a) = a**2 + 4*a - 6. Let j be d(4). Calculate the greatest common factor of j and 208.
26
Let z(k) = k**2 - k - 6. Let f be z(7). Suppose 0*d + 2*s - 108 = -3*d, d + s = f. Let b be (0 + -1)/(2/(-24)). Calculate the greatest common factor of d and b.
12
Suppose 4*o - 201 = -0*j - j, 5*o - 253 = -3*j. Suppose -g = -6*g + o. What is the highest common divisor of 2 and g?
2
Let z = 21 + 0. Let o = z + -16. Let u(x) = 2*x**3 - 7*x**2 + 6*x. Let h be u(4). Calculate the highest common factor of h and o.
5
Let m(v) = -4*v**2 + 1. Let u be m(-1). Let t(y) = -y + 1. Let c be t(u). Let i be (7 - -1) + 4/c. Calculate the highest common factor of 81 and i.
9
Suppose 5*y - y - 10 = -3*z, 2*y = -z. Let k be (-2)/7 + 11580/105. What is the greatest common factor of k and z?
10
Let j(l) = -l + 45. Let k be j(13). Calculate the greatest common divisor of 160 and k.
32
Suppose -4*w - h = 2 - 23, 4*w = -4*h + 36. Suppose -w*j = j - 115. What is the highest common factor of j and 115?
23
Let k = -2 - -5. Let b = 1 + k. Suppose p + 25 = 3*o, -b*o + 42 = 3*p - 0*p. Calculate the greatest common factor of 9 and o.
9
Suppose -j + 72 = j. What is the highest common divisor of j and 4?
4
Let u = 74 - 41. Let j = -17 + u. Calculate the highest common divisor of j and 2.
2
Suppose -4*m - 2*x + 83 - 13 = 0, -60 = -4*m - 4*x. Calculate the greatest common divisor of 50 and m.
10
Suppose 3*u = 4*f - 12, 2*u - 8 = -2*f + 4*u. Let p be f + 0/(6/(-3)). Let r = p + 2. What is the highest common factor of r and 4?
2
Suppose 9 + 4 = 3*q + 4*u, -6 = -q - 3*u. Suppose -n + 20 = q*n. Suppose -7 + 12 = s. Calculate the greatest common factor of s and n.
5
Suppose 2*z = -4*o + 50, z + 2*z + 45 = 4*o. Let s = -138 + 234. What is the greatest common factor of o and s?
12
Suppose 0 = h - s - 10 - 93, -s = -2. Let u = h + -53. Calculate the greatest common divisor of 78 and u.
26
Let x = 16 - 10. Let n be 8/x*(-3 - -24). What is the highest common factor of n and 42?
14
Suppose f - 23 = 2*u, 2*f - 59 = 5*u - 2*f. Let y = u + 15. Let l = 110 - 106. What is the greatest common divisor of y and l?
4
Let x = 590 - 409. Suppose 4*v + 4*c - x = 5*c, -2*v + 86 = 4*c. Calculate the highest common factor of 30 and v.
15
Let j be 36/(-16)*4/(-3). Let r be (-1 + j)/(32/16). What is the highest common divisor of r and 3?
1
Suppose -116 = p - 5*p + 2*l, 2*l + 88 = 3*p. Let a = 167 - 97. What is the highest common divisor of a and p?
14
Suppose 0 = -3*g + 8 + 7. Calculate the highest common factor of 10 and g.
5
Let m(f) = -5*f**2 - 3*f - 1. Let u be m(3). Let c be ((-16)/20)/(2/u). Calculate the greatest common divisor of 22 and c.
22
Suppose 0*r = 4*r + a - 107, 3*r + a = 81. Calculate the highest common factor of r and 91.
13
Let q(l) = 20*l**2 - 4*l + 13. Let c be q(2). Calculate the greatest common divisor of 51 and c.
17
Let n(u) = -u - 5. Let z be n(-6). Let q be ((-4)/2)/(z/(-11)). What is the highest common factor of q and 242?
22
Let h(j) = j - 6. Let t be h(10). Let b be (3 - -18)*t/6. Let w be (-14)/3*6/(-4). Calculate the highest common divisor of w and b.
7
Suppose -5*n - 3 = -8*n. What is the greatest common factor of 2 and n?
1
Let i(o) = -10*o + 10. Let l be i(-7). What is the greatest common factor of l and 10?
10
Let g be ((-18)/15)/(12/(-80)). Calculate the highest common factor of 64 and g.
8
Let i(t) = 4*t**2 + 3*t - 2. Let n be i(2). What is the greatest common divisor of n and 20?
20
Let r = -4 + 64. What is the highest common factor of r and 24?
12
Suppose -3 = -3*i - 0. Calculate the highest common divisor of i and 2.
1
Let f be 4/(-16) - (-33)/4. Suppose n - 4 = f. Suppose n = 4*q - q. What is the highest common divisor of 1 and q?
1
Let d = 3 + 3. Let j be (8 - 2)*(-1)/(-3). Suppose -c = j*c - 12. What is the greatest common divisor of d and c?
2
Let s(h) = -24*h. Let y be s(-1). Suppose 0 = 3*l - 7 - 2. Suppose l*z = 11 - 2. What is the greatest common divisor of z and y?
3
Let w be ((-7)/(-3))/(12/144). Calculate the greatest common divisor of w and 28.
28
Suppose 4*d = 5*d. Suppose d*y + 12 = -4*y. Let j be ((0 + -3)/y)/1. What is the greatest common divisor of 2 and j?
1
Suppose 3*m = 2*m + 28. Suppose -5*j + m = -j. Let b = 13 - -22. Calculate the highest common divisor of b and j.
7
Suppose -q - 4*i = 4*q - 148, -2*i = -q + 38. What is the highest common divisor of q and 16?
16
Suppose 18 + 0 = 3*d. Let b be ((-10)/d)/(2/(-6)). Let x be 20/8*8/b. What is the highest common divisor of 32 and x?
4
Suppose 0 = 5*u + 140 - 665. What is the highest common divisor of 15 and u?
15
Let z = 20 - 37. Let m = 24 + z. Calculate the highest common divisor of m and 21.
7
Let r(y) = 30*y**2 - 4*y + 2. Let d be r(1). Calculate the highest common divisor of d and 224.
28
Let l(v) = -v. Let a be l(3). Let y be 30/(a + 6 + -2). What is the highest common divisor of y and 10?
10
Suppose 4*t = 7*t - 39. What is the highest common divisor of t and 78?
13
Suppose 2*y + n = -2*y + 40, 0 = 4*y - 4*n - 60. Let l = 392 - 243. Let i = -105 + l. Calculate the highest common divisor of y and i.
11
Suppose -432 = -4*g + 2*h, 0*g + 2*h = 3*g - 324. What is the highest common factor of g and 12?
12
Suppose 2*l + 252 = z, -280 = -z - 4*l - 40. Let b be (-186)/(-18)*6/(-4)*-2. What is the greatest common divisor of b and z?
31
Let s(w) = -7 + 5*w - w**2 + 3 + 3. Let f be s(4). Suppose u + f*u - 40 = 0. Calculate the greatest common factor of 25 and u.
5
Let g(q) = 26*q - 3. Let s be g(4). Let n be (-1*9)/(-3) + s. What is the highest common factor of 13 and n?
13
Let p be (2/2 - -9)*5. Suppose 51 = 4*t - 2*a - 27, 0 = 4*t + 2*a - 82. Calculate the highest common divisor of t and p.
10
Suppose f = 30 + 15. What is the greatest common factor of 15 and f?
15
Let i = -50 - -67. What is the greatest common factor of 119 and i?
17
Let l be (2 - 0) + 82 - -1. Let m = -115 - -132. What is the highest common factor of l and m?
17
Suppose -16 = b - 163. Calculate the greatest common factor of 21 and b.
21
Let i(d) = -d**3 - 8*d**2 - 3. Let n be i(-8). Let k be n*4/6 - -6. Wh